*u**2 - 3*u - 3. Suppose -9 = -6*i + 3*i. Let y be n(i). Is 2/(-4)*(y - 1) prime?
True
Let z = -2 + 2. Suppose -2 = 4*r - 10. Is ((-55)/(-2) - z)*r prime?
False
Suppose -2*k + 1110 = 4*k. Is k a composite number?
True
Is (-26)/65 + (-112)/(-5) a composite number?
True
Let c be (-1)/(-3) + (-69)/(-9). Let n(d) = d**3 + 4*d + 10. Let f be n(c). Let z = 775 - f. Is z prime?
False
Let c = 3 - -1. Suppose c*z = -3*d + 329, 3*d - 317 = -5*z + 98. Is z prime?
False
Is (48/36)/(4/582) prime?
False
Suppose -89 + 440 = p + 2*w, 4*p - 2*w = 1354. Suppose -8*y + 4*y + 189 = 3*u, -2*y - p = -5*u. Is u a prime number?
True
Is 205 + 32/4 + -4 a composite number?
True
Let u(k) = 3*k**2 + 8*k + 22. Is u(-16) prime?
False
Let y(a) = a**3 + 6*a**2 - 5*a - 4. Let s(k) = -k**2 - 10*k - 6. Let q be s(-10). Is y(q) composite?
True
Is 1*-2*265/(-10) composite?
False
Let h(f) = -f**3 - 4*f**2 + 10*f + 6. Let t be h(-7). Suppose 4*j - 154 = -2*g, t = 3*g + 3*j - 136. Is g a composite number?
True
Let d = 672 - -865. Is d a composite number?
True
Let y be -4 - 3/(-2)*2. Let i be (-1)/y - (3 + -5). Suppose -5*s + 78 = -i*s. Is s prime?
False
Suppose -6*s + 17049 - 2583 = 0. Is s composite?
False
Let x(r) = 5 - 4*r**2 + 1 + 3*r**2 + 2*r**2. Is x(-5) a prime number?
True
Let j(o) = 767*o**2 + 5*o - 5. Is j(2) composite?
True
Suppose 5*p - 4*d = -4, 0*d + 1 = -p + d. Suppose 3*v - 4*a = 74, -5*v + p*a + 134 = 4*a. Suppose -v = -5*y + 359. Is y a composite number?
True
Let x be (-2 + (-1)/2)*-2. Suppose -x*f - 940 = -5*r, 4*r = 2*f + 3*f + 755. Is r prime?
False
Suppose x - 4 = 0, -4*w + 12 = -2*x - x. Let o be 2/3*9/w. Is o*124 + (3 - 0) composite?
False
Suppose 2*h - 3858 = -4*t, 7*h + 5*t - 9625 = 2*h. Is h a composite number?
True
Suppose g = -1 + 3. Let u be 0 - (6/3)/g. Is (0 + (-6 - u))*-23 prime?
False
Is 2/3*(-462)/(-4) a prime number?
False
Let j be 2/(-7) - 1212/21. Let u(z) = 2*z + 3. Let b be u(-2). Is -3 - (b + j + -3) prime?
True
Let p = 6 - 2. Suppose -4*c + 2*q = -458, -q + p*q = 3*c - 342. Is c a composite number?
True
Let p(x) = -x**2 - 6*x - 6. Let c be p(-4). Let h(q) = q - q**3 - c + 2*q + 0 - q**2. Is h(-3) a composite number?
False
Let l(z) = z**3 + 14*z**2 + 15*z + 13. Is l(-11) composite?
False
Let k(a) = 835*a - 24. Is k(5) a composite number?
True
Suppose 5*j = 3*r - 1013, 3*j - 164 = -r + 155. Is r a prime number?
True
Let w = 4 - 2. Let g(d) = d**3 + 12*d**2 + 9*d + 7. Let h be g(-11). Suppose -w*a - h = -451. Is a composite?
False
Suppose 13 = -4*o - 15. Suppose 6 = -3*q + 3*v, 3*q = -2*q - 5*v - 30. Let i = q - o. Is i composite?
False
Suppose 0 = -4*g + 4*c - 9*c + 311, -5*g = -3*c - 398. Is g a composite number?
False
Suppose 4*d - 112 = 2*m, 0*m = 5*d + m - 126. Is d composite?
True
Is ((-9)/(-27))/(3*(-1)/(-12249)) prime?
True
Suppose -12 = 4*j, -2*t - 2*t - 15 = -3*j. Let i(m) be the third derivative of m**5/60 + 5*m**4/24 + 5*m**3/6 - m**2. Is i(t) a prime number?
True
Let h(p) = p**3 + 5*p**2 - p - 2. Let x be h(-5). Suppose 0 = -x*k + 11 + 94. Suppose -v + k = 4. Is v a composite number?
False
Let l = -12 - -8. Let m be (l + 1 + 0)/(-1). Suppose -a + 188 = m*a. Is a a composite number?
False
Let c = -9 + 4. Let f = -5 - c. Suppose -4*b + f*b = -508. Is b a prime number?
True
Suppose 5*c - 5 = -15. Let k(u) = -102*u**3 - 2*u**2 - u + 2. Let o be k(c). Suppose 3*s - 4*s + 164 = a, 5*s - o = 3*a. Is s prime?
True
Let f = 513 + 394. Is f composite?
False
Suppose -5*n + 5347 + 3748 = 0. Is n composite?
True
Let a(c) = -c**2 + 5*c - 1. Let b be a(5). Let s be b*(3 + 564/3). Let q = -94 - s. Is q composite?
False
Let b = -8 - -3. Let d be (0 + 1)*(101 - b). Suppose -4*v + 2*v + d = 0. Is v a prime number?
True
Suppose 8*w - 364 = 4*w. Is w a composite number?
True
Let m = -56 - -161. Suppose 3*z = b - m, 4*b - 8*z - 434 = -3*z. Is b a composite number?
True
Let x be 5/(-40)*-4*0. Let r be 1/(1 - 2/4). Suppose r*j + 2*j - 260 = x. Is j composite?
True
Let g be -4*((-16)/(-4) - 3). Is -28*(13/g + 2) a prime number?
False
Let g = 9 - -17. Is g prime?
False
Let y(c) = 93*c**2 + 4. Is y(-3) a prime number?
False
Suppose 0 = -2*h + 2*f - 2, 6 = f + 2. Suppose 1 = -u + h. Is u composite?
False
Suppose -2*y - 3*z = -326, -5*z = y - 109 - 68. Is y composite?
False
Let d(u) = 4*u - 2*u + 2 - 3*u + 22*u**2. Is d(-3) a composite number?
True
Let m = 28 + -7. Is m a composite number?
True
Let t be (-8)/3*18/4. Is (-1906)/t + (-2)/(-12) composite?
True
Suppose -3*p + 237 = -0*p + 2*a, -p = 2*a - 79. Is p a composite number?
False
Suppose -3*d + 16 = -2*z + d, 5*d = z + 20. Let c(u) = -u**2 + u + 4. Let m be c(z). Suppose -m*r = -204 - 272. Is r a composite number?
True
Let l be (-1 - 0)/(-1)*0. Is 15 - 6/3 - l a prime number?
True
Let z(o) be the first derivative of -2*o**2 + 3*o - 1. Let x = -27 + 20. Is z(x) a composite number?
False
Let x = 3 - 1. Suppose 3*k = -x*t + 215, 5*k - 17 = -2. Is t prime?
True
Let k = 2634 - 1235. Is k a composite number?
False
Is 2/(-10)*-5 - -320 prime?
False
Suppose 0 = 4*w + 130 - 570. Let q = -51 + w. Is q a composite number?
False
Let j(k) be the second derivative of 0 + 1/6*k**3 - 1/12*k**4 + 2*k + 5*k**2. Is j(0) a composite number?
True
Let a(g) be the first derivative of 4*g**4 + 2*g**3/3 + g**2/2 + 4*g + 2. Is a(3) prime?
True
Let v(p) = -p - 11. Let z be v(-5). Let k be (2 + z)/((-2)/(-17)). Let o = k - -57. Is o composite?
False
Suppose 16*z = 14*z + 24. Suppose -z = -d - 5. Is d a prime number?
True
Is 2524/16*(-4)/(-6)*6 a prime number?
True
Let c be -1*4*(-163)/(-4). Let z = -44 - c. Is z composite?
True
Let p(s) = -168*s - 1. Is p(-5) a prime number?
True
Let v = -1604 + 3131. Is v a prime number?
False
Suppose -o = -6 - 2. Suppose -o*w = -4*w - 1004. Is w a composite number?
False
Suppose -30 = -5*o + 4*k, 0 = -5*o + o - 2*k - 2. Suppose -4*r = -o*r - 4. Let n(i) = i**3 - 2*i**2 + 2*i + 2. Is n(r) composite?
True
Let u(r) = -13*r + 15. Let f be u(11). Let m = 217 + f. Is m a prime number?
True
Suppose -5*r + 532 = -r. Is r composite?
True
Let f = 332 - -1475. Is f prime?
False
Let s(i) = 4*i**3 - 6*i**2 + 11*i - 9. Let o be s(7). Let w = 1947 - o. Suppose -g = 5*m - 169, -7*g - 3*m = -2*g - w. Is g a composite number?
True
Suppose 5 = 3*v - 2*t, 0 = -2*v - 2*t + 9 + 1. Suppose -12 = v*d, i - 59 - 6 = -d. Is i prime?
False
Is (-5 - -3) + (0 + -9)*-65 a prime number?
False
Suppose w + v - 2*v = 0, 0 = 3*w + v - 4. Let d = w + 2. Suppose s + b - 171 = -s, d*s - 3*b - 252 = 0. Is s a prime number?
False
Let h be (-4)/20 + 62444/20. Suppose -o - o + h = 0. Is o a prime number?
False
Let f = -4 + 9. Suppose -f*h - 16 = 24. Let a = h + 15. Is a a prime number?
True
Let z(v) = 7*v**2 - 5*v + 2. Let o be z(4). Let p be (o/(-6))/(1/(-9)). Is 1*-2*p/(-6) a composite number?
False
Suppose -2*c + 4 = -0. Suppose v - c = 1, 4*f + v - 27 = 0. Is f composite?
True
Let n(k) = 1 + 62*k**2 - 22*k**2 - k + 15*k**2. Is n(1) a composite number?
True
Is (-2)/(-7) + 12195/21 composite?
True
Suppose -3*w + 308 = w. Is w prime?
False
Let l = 11705 + -5494. Is l prime?
True
Suppose -2*t = -t - 479. Is t prime?
True
Let p(k) be the first derivative of k**3/3 - 3*k**2/2 + 5*k - 3. Is p(-4) a composite number?
True
Suppose 4*u - 2919 = -5*x, -599 = 3*x - 4*x + 3*u. Is x a prime number?
True
Let r(p) be the second derivative of 9*p**5/10 - p**4/4 - p**3/2 + p**2/2 + 6*p. Is r(3) prime?
False
Suppose 10 = 5*a - 5. Suppose -4*o = 5*s - 203, -a*s = -5*o - 0*s + 300. Is o composite?
True
Let s(f) = f**3 - f - 1. Let k(v) = -2*v**3 + 8*v**2 - 4*v - 2. Let w(c) = k(c) + s(c). Is w(7) composite?
False
Suppose 0 = c + 4*b + 16, -2*c - 2*b + 7*b = -20. Suppose c*w - w = -43. Is w a prime number?
True
Let r(o) = -2*o**3 + o**2 - 3*o + 1. Is r(-4) composite?
False
Suppose 5*b = b + 20. Suppose 2*j + 20 = 6*j - 4*t, b*j = -2*t + 18. Suppose -44 = j*s - 360. Is s composite?
False
Let w be ((-339)/(-4))/(18/48). Let r = w + -111. Is r composite?
True
Let r be (-906)/4 + (-4)/(-8). Let f = -111 - r. Is f a prime number?
False
Let i(o) = -633*o**3 - o**2 - o. Is i(-1) a composite number?
True
Suppose 2*z - 407 = -3*o, -3*z + o + 658 = -4*o. Is z prime?
True
Let v = 4 - 4. Suppose -m = w - v*m + 2, -4*w - 5*m = 8. Is 71 + 5/(5/w) prime?
False
Let y =